vide 2230772?
True
Does 37 divide 173887457?
True
Is 25 a factor of 47828325?
True
Is 299761920 a multiple of 90?
True
Is 117805864 a multiple of 45?
False
Is 380 a factor of 5427540?
True
Does 46 divide 169943872?
True
Is 19429760 a multiple of 320?
True
Is 5 a factor of 16049799?
False
Is 1133 a factor of 782883739?
True
Is 44 a factor of 3604032384?
False
Is 2392363612 a multiple of 67?
False
Is 4 a factor of 3645720?
True
Is 36 a factor of 39322620?
True
Is 326448403 a multiple of 35?
False
Does 64 divide 466461959?
False
Is 22331827 a multiple of 203?
True
Is 1604 a factor of 6188657?
False
Is 51 a factor of 17637585?
True
Is 163969444 a multiple of 14?
False
Does 265 divide 997487030?
True
Does 2081 divide 11532902?
True
Does 37 divide 141545?
False
Is 61414827 a multiple of 173?
True
Does 294 divide 94831758?
True
Is 28 a factor of 450131301?
False
Is 2303086166 a multiple of 6821?
False
Does 102 divide 76143605?
False
Is 26 a factor of 1501209294?
True
Does 96 divide 23377536?
True
Is 12 a factor of 74377344?
True
Does 340 divide 39656580?
True
Is 548 a factor of 35459436?
True
Does 200 divide 5693436?
False
Is 41879887 a multiple of 1151?
False
Does 3 divide 3594422?
False
Is 28097060 a multiple of 883?
True
Does 774 divide 3255191?
False
Is 4169 a factor of 335680436?
False
Does 1200 divide 829549223?
False
Does 1909 divide 313881050?
False
Is 49 a factor of 12554338?
False
Is 134732387 a multiple of 190?
False
Does 210 divide 1709463839?
False
Is 24761814 a multiple of 33?
True
Is 7027 a factor of 1769339170?
False
Does 7 divide 257632970?
True
Is 486 a factor of 64342512?
True
Is 1775332521 a multiple of 896?
False
Is 2189 a factor of 447324339?
True
Is 212560546 a multiple of 604?
False
Does 1786 divide 109965817?
False
Does 600 divide 432004800?
True
Is 65612411 a multiple of 10?
False
Is 32057096 a multiple of 74?
True
Does 68 divide 27334640?
True
Does 568 divide 478560420?
False
Does 11 divide 87301082?
True
Is 277 a factor of 10870311?
True
Does 18 divide 206108523?
False
Is 1043504301 a multiple of 9?
False
Is 1515083040 a multiple of 321?
False
Is 4 a factor of 17601717?
False
Does 213 divide 1391610366?
True
Does 973 divide 27442699?
False
Is 973 a factor of 213689644?
False
Is 8 a factor of 482492808?
True
Does 1589 divide 128184712?
False
Is 7899144 a multiple of 264?
True
Does 1975 divide 4724200?
True
Is 45051030 a multiple of 418?
False
Is 78399348 a multiple of 251?
True
Is 6 a factor of 34393540?
False
Does 28 divide 1939920941?
False
Does 1374 divide 359134968?
False
Does 7 divide 13020889?
True
Does 56 divide 17630984?
True
Does 65 divide 90747673?
False
Does 1481 divide 229234830?
False
Is 131 a factor of 1575523376?
True
Is 765057456 a multiple of 36?
True
Is 257 a factor of 728046250?
False
Is 4 a factor of 119893192?
True
Does 170 divide 837512?
False
Is 348144132 a multiple of 118?
True
Is 842546536 a multiple of 2776?
True
Is 1993610868 a multiple of 382?
False
Does 4 divide 16743837?
False
Is 685577283 a multiple of 810?
False
Is 100528140 a multiple of 68?
True
Is 431390980 a multiple of 20?
True
Is 65 a factor of 245095869?
False
Does 258 divide 39864018?
False
Is 448 a factor of 929697216?
True
Is 45348112 a multiple of 68?
True
Is 2821792950 a multiple of 207?
True
Is 14883843 a multiple of 311?
False
Is 5 a factor of 173990055?
True
Does 700 divide 27498928?
False
Is 5389319676 a multiple of 1651?
True
Is 8 a factor of 118608304?
True
Is 1604650 a multiple of 2?
True
Is 970746287 a multiple of 25?
False
Does 808 divide 34268896?
True
Is 63323858 a multiple of 27?
False
Is 704723767 a multiple of 11?
True
Is 18 a factor of 28390669?
False
Is 4 a factor of 39743744?
True
Does 1134 divide 51303135?
False
Does 465 divide 1112314?
False
Is 436 a factor of 33774740?
True
Is 563 a factor of 372797536?
False
Does 27 divide 44529021?
True
Is 5 a factor of 2624719955?
True
Is 2 a factor of 3384130?
True
Is 206697287 a multiple of 2145?
False
Is 1244989440 a multiple of 192?
True
Is 9804175 a multiple of 22?
False
Is 25 a factor of 23444153?
False
Does 15 divide 384885?
True
Does 256 divide 2827838976?
True
Does 242 divide 584160339?
False
Is 3005 a factor of 44324576?
False
Is 121931732 a multiple of 52?
True
Does 277 divide 62211505?
False
Is 71351640 a multiple of 235?
True
Is 204184288 a multiple of 692?
True
Is 22561485 a multiple of 321?
True
Is 205439 a multiple of 13?
True
Is 131806755 a multiple of 1093?
False
Is 22 a factor of 763501002?
True
Is 217322152 a multiple of 31?
True
Does 5912 divide 259895186?
False
Is 994 a factor of 43327683?
False
Is 46 a factor of 17646070?
False
Does 2659 divide 273376567?
False
Is 1893315115 a multiple of 9?
False
Is 336544114 a multiple of 612?
False
Is 4508108153 a multiple of 6973?
False
Is 1062 a factor of 295742519?
False
Does 3 divide 12474716?
False
Does 97 divide 243523895?
False
Does 16 divide 6441822682?
False
Does 16 divide 227210516?
False
Does 496 divide 124244162?
False
Is 151798114 a multiple of 23?
True
Is 3830 a factor of 252173181?
False
Does 403 divide 201504030?
True
Does 9 divide 39548855?
False
Is 20459394 a multiple of 7?
False
Does 814 divide 368570834?
False
Does 49 divide 249935514?
False
Is 72100588 a multiple of 6?
False
Is 17684718 a multiple of 5?
False
Does 334 divide 61222534?
True
Is 898 a factor of 1690963634?
True
Does 931 divide 36216831?
True
Does 6 divide 92981475?
False
Is 48 a factor of 2781455178?
False
Is 371343036 a multiple of 51?
True
Is 611 a factor of 115299366?
True
Does 7 divide 534268?
True
Is 3 a factor of 46711101?
True
Is 346 a factor of 96951710?
False
Is 23476231 a multiple of 12?
False
Does 191 divide 56401918?
True
Does 542 divide 2064146296?
True
Is 1001 a factor of 97005452?
False
Is 15 a factor of 11970171?
False
Is 1317120754 a multiple of 3863?
True
Is 43 a factor of 120472345?
False
Does 16 divide 23894895?
False
Is 374042430 a multiple of 1130?
True
Is 12 a factor of 25386876?
True
Does 354 divide 114207480?
True
Is 17748630 a multiple of 18?
True
Is 42 a factor of 38614144?
False
Is 44651890 a multiple of 18?
False
Is 3525430590 a multiple of 165?
True
Is 135 a factor of 858142011?
False
Is 19401204 a multiple of 57?
True
Is 667976598 a multiple of 7074?
True
Is 4 a factor of 521355007?
False
Is 313065776 a multiple of 311?
False
Is 129 a factor of 1717808892?
True
Is 65874139 a multiple of 36?
False
Is 91064808 a multiple of 4518?
True
Does 797 divide 355218118?
True
Is 1218 a factor of 4321673520?
False
Does 191 divide 72445345?
True
Does 2085 divide 18981840?
True
Is 129973610 a multiple of 46?
False
Does 273 divide 348976719?
True
Does 6723 divide 50731758?
True
Is 918764 a multiple of 877?
False
Is 32508192 a multiple of 1143?
False
Does 1417 divide 8405211?
False
Is 25850700 a multiple of 10?
True
Is 41 a factor of 56687584?
True
Does 6046 divide 5993502582?
True
Does 13 divide 18091665?
False
Is 85 a factor of 62033085?
True
Is 1678820816 a multiple of 8?
True
Is 1639 a factor of 61300239?
True
Is 40839898 a multiple of 23?
False
Is 34503567 a multiple of 383?
False
Does 14 divide 4374936?
False
Is 74496403 a multiple of 105?
False
Is 877609017 a multiple of 43?
False
Does 97 divide 61803274?
False
Is 18557550 a multiple of 575?
True
Is 86051451 a multiple of 219?
True
Does 575 divide 110297189?
False
Is 1205 a factor of 4942968?
False
Does 5016 divide 77644690?
False
Is 4 a factor of 26378475?
False
Does 5 divide 6158293?
False
Is 344 a factor of 36873832?
False
Is 1288044301 a multiple of 120?
False
Is 141 a factor of 788636265?
True
Is 1491656062 a multiple of 109?
True
Is 2346512 a multiple of 1168?
True
Is 27 a factor of 85955472?
True
Is 12843 a factor of 1006313919?
False
Is 1428717906 a multiple of 185?
False
Is 36 a factor of 6320268?
True
Is 108 a factor of 616611229?
False
Is 554522701 a multiple of 36?
False
Is 73437691 a multiple of 102?
False
Is 45244716 a multiple of 353?
True
Is 31212478 a multiple of 11?
True
Is 22485924 a multiple of 324?
True
Does 235 divide 750068327?
False
Is 13 a factor of 103813658?
True
Is 18 a factor of 172635300?
True
Is 60 a factor of 5324617?
False
Is 492620040 a multiple of 2580?
True
Is 33371088 a multiple of 2022?
True
Is 1284445980 a multiple of